 730496383?
3
What is the hundreds digit of 64720275?
2
What is the hundred thousands digit of 47555898?
5
What is the hundreds digit of 781726186?
1
What is the ten thousands digit of 1137371258?
7
What is the hundreds digit of 71039263?
2
What is the ten thousands digit of 44277409?
7
What is the thousands digit of 654227070?
7
What is the thousands digit of 502436948?
6
What is the units digit of 157792486?
6
What is the units digit of 137793564?
4
What is the hundred thousands digit of 129751058?
7
What is the millions digit of 45257827?
5
What is the millions digit of 6505468?
6
What is the thousands digit of 23925990?
5
What is the tens digit of 674418837?
3
What is the hundreds digit of 44995625?
6
What is the hundreds digit of 19484874?
8
What is the tens digit of 968642907?
0
What is the hundred thousands digit of 242588954?
5
What is the hundred thousands digit of 37359822?
3
What is the billions digit of 1565495030?
1
What is the millions digit of 5797697?
5
What is the hundred millions digit of 5678161214?
6
What is the hundred thousands digit of 4831166952?
1
What is the hundred thousands digit of 71964696?
9
What is the hundred millions digit of 1815951623?
8
What is the ten millions digit of 50147188?
5
What is the hundred thousands digit of 7359464?
3
What is the hundreds digit of 22084272?
2
What is the hundred thousands digit of 608752600?
7
What is the units digit of 111411973?
3
What is the hundreds digit of 140630151?
1
What is the ten millions digit of 48602554?
4
What is the hundred millions digit of 220981333?
2
What is the thousands digit of 1684466435?
6
What is the ten millions digit of 248148598?
4
What is the ten thousands digit of 631619327?
1
What is the units digit of 1075361817?
7
What is the units digit of 51146481?
1
What is the hundred millions digit of 833100523?
8
What is the ten thousands digit of 334409423?
0
What is the millions digit of 2759698704?
9
What is the tens digit of 567028056?
5
What is the millions digit of 1604227593?
4
What is the billions digit of 1270552392?
1
What is the ten thousands digit of 116253847?
5
What is the hundred millions digit of 287954983?
2
What is the hundred thousands digit of 2448216052?
2
What is the hundred millions digit of 535548029?
5
What is the hundred thousands digit of 304986814?
9
What is the hundred thousands digit of 32455019?
4
What is the hundreds digit of 16358260?
2
What is the thousands digit of 247696137?
6
What is the hundred thousands digit of 1515162947?
1
What is the hundreds digit of 1260244701?
7
What is the thousands digit of 24653100?
3
What is the hundreds digit of 633427485?
4
What is the millions digit of 399339459?
9
What is the hundreds digit of 24827053?
0
What is the millions digit of 170126050?
0
What is the hundred millions digit of 163465047?
1
What is the units digit of 2114156312?
2
What is the hundreds digit of 14009594?
5
What is the ten thousands digit of 497523452?
2
What is the units digit of 127528996?
6
What is the hundreds digit of 584912183?
1
What is the hundred millions digit of 389085274?
3
What is the units digit of 15596514?
4
What is the ten thousands digit of 443075206?
7
What is the hundred thousands digit of 74789242?
7
What is the millions digit of 2290924297?
0
What is the hundreds digit of 105134363?
3
What is the millions digit of 1368551988?
8
What is the units digit of 115906862?
2
What is the ten millions digit of 1389250997?
8
What is the hundred millions digit of 1336678056?
3
What is the thousands digit of 680174?
0
What is the hundreds digit of 17183126?
1
What is the millions digit of 42609341?
2
What is the billions digit of 3165750131?
3
What is the hundred thousands digit of 4280403061?
4
What is the thousands digit of 150920750?
0
What is the thousands digit of 4044220223?
0
What is the hundred millions digit of 1210630290?
2
What is the ten thousands digit of 2187770068?
7
What is the millions digit of 166869670?
6
What is the millions digit of 4424346?
4
What is the hundred thousands digit of 84591333?
5
What is the hundreds digit of 654245617?
6
What is the thousands digit of 113386312?
6
What is the units digit of 5703804?
4
What is the thousands digit of 384277214?
7
What is the thousands digit of 3108196335?
6
What is the units digit of 320615790?
0
What is the tens digit of 18971224?
2
What is the units digit of 140951061?
1
What is the hundred millions digit of 2801277660?
8
What is the ten thousands digit of 2739531299?
3
What is the ten thousands digit of 270646707?
4
What is the ten millions digit of 39111743?
3
What is the millions digit of 539896009?
9
What is the millions digit of 84809703?
4
What is the tens digit of 513849651?
5
What is the ten thousands digit of 2668595903?
9
What is the hundred millions digit of 2695761807?
6
What is the hundred thousands digit of 7139222954?
2
What is the millions digit of 168794514?
8
What is the ten millions digit of 260442726?
6
What is the hundreds digit of 108207808?
8
What is the billions digit of 1628474744?
1
What is the ten thousands digit of 1754298064?
9
What is the hundred thousands digit of 417722047?
7
What is the units digit of 192903051?
1
What is the units digit of 287078748?
8
What is the ten millions digit of 1591199230?
9
What is the millions digit of 2388051?
2
What is the units digit of 168019392?
2
What is the hundred thousands digit of 8175017?
1
What is the tens digit of 70257087?
8
What is the hundreds digit of 2215366159?
1
What is the units digit of 98176211?
1
What is the hundred thousands digit of 355761303?
7
What is the hundred millions digit of 209952355?
2
What is the thousands digit of 112350508?
0
What is the ten millions digit of 539200386?
3
What is the thousands digit of 22880689?
0
What is the tens digit of 126502919?
1
What is the thousands digit of 30839118?
9
What is the millions digit of 144505806?
4
What is the tens digit of 48393887?
8
What is the hundred millions digit of 471958404?
4
What is the thousands digit of 11994628?
4
What is the ten thousands digit of 72596821?
9
What is the hundreds digit of 2420729218?
2
What is the millions digit of 8595491?
8
What is the tens digit of 45439358?
5
What is the millions digit of 720898633?
0
What is the ten millions digit of 2563753719?
6
What is the billions digit of 4709414738?
4
What is the thousands digit of 1629532807?
2
What is the ten thousands digit of 62337765?
3
What is the units digit of 60161968?
8
What is the tens digit of 509239691?
9
What is the units digit of 283872293?
3
What is the hundreds digit of 3843766127?
1
What is the thousands digit of 133747954?
7
What is the millions digit of 5180603203?
0
What is the units digit of 783059?
9
What is the millions digit of 57107464?
7
What is the hundred thousands digit of 108804788?
8
What is the ten millions digit of 4563649748?
6
What is the thousands digit of 470045953?
5
What is the tens digit of 525202960?
6
What is the ten thousands digit of 2612863077?
6
What is the hundred thousands digit of 692354098?
3
What is the ten millions digit of 69997151?
6
What is the billions digit of 2345566781?
2
What is the ten millions digit of 21685534?
2
What is the tens digit of 144663271?
7
What is the thousands digit of 415422249?
2
What is the hundred thousands digit of 27294039?
2
What is the millions digit of 1529604213?
9
What is the millions digit of 117015139?
7
What is the thousands digit of 27274285?
4
What is the ten thousands digit of 975631077?
3
What is the ten millions digit of 436836474?
3
What is the hundred millions digit of 844823346?
8
What is the units digit of 4388178709?
9
What is the ten millions digit of 579706325?
7
What is the thousands digit of 286445975?
5
What is the hundred millions digit of 9121835173?
1
What is the hundred thousands digit of 46101842?
1
What is the ten thousands digit of 3537857974?
5
What is the millions digit of 428164080?
8
What is the ten thousands digit of 467151187?
5
What is the hundred thousands digit of 140358666?
3
What is the units digit of 78123117?
7
What is the ten millions digit of 10445508?
1
What is the tens digit of 1109709949?
4
What is the units digit of 160099908?
8
What is the ten millions digit of 318628943?
1
What is the mil